 h(6). Suppose u*i = i + l. What is the tens digit of i?
6
Let q(x) = -4*x**2 + 3*x + 3*x**3 + 0*x**3 - 4*x**3 - 4 - 8. Let c be q(-5). What is the units digit of (c/(-10))/(2/130)?
3
Let a(t) = -t**2 + 15*t - 30. Let q be a(15). What is the hundreds digit of 5/q + (-1891)/(-6)?
3
Suppose -3*t - 9 = 0, -2*m + 0*t = -4*t - 12. Let r(u) = -13*u + 411. What is the units digit of r(m)?
1
Let f(r) = 815*r**2 + 14*r - 15. Let m be f(1). Suppose -1002 = -5*g - 4*s, -3*s - m = 3*g - 7*g. What is the units digit of g?
2
Suppose 0 = -k - 4*l + 8, 4*l = 2*k - 3 - 1. Suppose k*j = 4*o + 6620, -4*j - j + 8299 = o. What is the tens digit of j?
5
Suppose 2 = -a, 3*b + 4 = a - 0. What is the tens digit of (b/(-6) - 27/81) + 107?
0
Let j = -34 + 35. Let n(m) = -6*m + 181*m**2 + j + 0*m + 8*m - 2. What is the hundreds digit of n(1)?
1
Suppose -48 = d + 3*d. Let a be (1 + -63)*6/d. Let s = -14 + a. What is the units digit of s?
7
Suppose 0*y + 1248 = 3*y + 3*f, 0 = 5*y - 4*f - 2116. What is the units digit of (73/(-4))/((-21)/y)?
5
Suppose 1879 = -9*h - 515. Let z be (-28)/h + (-5736)/(-19). Suppose 268 = 6*x - z. What is the units digit of x?
5
Let t = 561 + -573. What is the tens digit of ((-48065)/(-5) - 2)*t/(-84)?
7
What is the thousands digit of 1108219/124 - (-1)/(-4)?
8
Suppose -11*v - 1 + 45 = 0. Suppose -5*p + 6961 = -v*z, 5*p + 6*z - 6957 = 9*z. What is the hundreds digit of p?
3
Let m = 59 + -65. Let g(x) = -2*x**3 + 6*x**2 + 18*x + 20. Let k be g(m). Suppose a - 11*a = -k. What is the tens digit of a?
5
Suppose -8*i + 7*i = -5*j - 81, -11 = j + 5*i. What is the hundreds digit of 18*(-34)/j*(4 + 8)?
4
Suppose -22171 = -3*w - u, -5*u - 36 = -11. What is the hundreds digit of w?
3
Let h = 256 - 245. Suppose -3*p + 0*p = 102. What is the units digit of (h*p)/(-4*(-2)/(-4))?
7
What is the tens digit of 3100 - (-1 + 1)/14?
0
Let o be (-14)/49 + 1256/(-14). Let p = o - -100. What is the tens digit of p?
1
Let q = -500 - -500. Suppose q = 26*y - 30*y + 4772. What is the tens digit of y?
9
Let k = -33840 + 47191. What is the units digit of k?
1
Let m = 13917 - -4237. What is the ten thousands digit of m?
1
Let t(h) = -11*h**2 + 86 - 21*h + 288 + 23*h**2 - 11*h**2. What is the hundreds digit of t(0)?
3
Let f(n) = n**3 + n**2 - n + 4. Let i be f(0). Suppose 4*z - z = -5*x + 20, 0 = z + 3*x - i. Suppose -2*t + 98 = -z. What is the units digit of t?
4
What is the units digit of ((-303080)/(-6))/20*6/2?
7
Suppose 2*a - 26 + 18 = 0. Suppose 0 = a*x - 1540 - 1900. What is the hundreds digit of x?
8
Let d(v) = -913*v - 879. What is the units digit of d(-10)?
1
Suppose 0 = -l - 4*o - 21, -l + o + 4 = -0*o. Let v = -51 - l. Let t = v - -63. What is the units digit of t?
3
Let l be 7 + -11 + (3 - -1). Let t = l - -31. Suppose -5*b - t = -156. What is the units digit of b?
5
Let i = 18862 + -13224. What is the tens digit of i?
3
Suppose 0 = -5*f - 3*b - 2519, -7*f + 1505 = -10*f - 5*b. Let c = f - -981. What is the hundreds digit of c?
4
Suppose 0 = -t - 4*i + 23, -4*t = -2*t - 5*i - 46. Suppose t = 3*r - 4. What is the tens digit of (976/r)/2 + (-60)/270?
5
Suppose 4*u = 6*y + 271702, 2*u - 74*y + 78*y - 135830 = 0. What is the units digit of u?
1
What is the thousands digit of 30388/28 - (-2)/(-7) - (-4 - -6)?
1
Let w(u) = 304*u**2 - 4*u + 3. What is the units digit of w(-5)?
3
What is the units digit of (-1 + -3 - -6)*(-120 - -11039)?
8
Suppose -18*k + 2568 = 15*k - 126363. What is the tens digit of k?
0
Let t be (399/38)/((-6)/(-1672)). Suppose -4*g = 26 - t. What is the units digit of g?
5
Let s(o) = 8476*o**2 + 27*o - 23. What is the hundreds digit of s(1)?
4
Suppose -2*m + 10 = 0, 17 = 6*t - 7*t + 3*m. What is the units digit of -205*(t + 0) - (7 - 11)?
4
Let k(y) = -13*y - 84. Let n be k(-6). What is the tens digit of 7*n/(210/(-835))?
6
Let b(f) = 21*f**2 - 9*f + 32. Let h be b(5). Suppose 5*r - s = 652, 0*r - 4*r = -4*s - h. What is the units digit of r?
1
Let u(c) = 108*c - 89. Let h be u(4). Suppose -x - 4*i = 36 - 139, -3*x + 5*i = -h. What is the units digit of x?
1
Let i be ((-280)/16 - -5)*-4. What is the tens digit of 69/(i/(-20)*(-6)/190)?
7
Let m = 601 - -5460. What is the tens digit of m?
6
Let k(g) = g**3 + 48*g**2 + 39*g - 57. Let y(l) = l**2 + 14*l + 1. Let s be y(-8). What is the tens digit of k(s)?
1
Let l(s) be the second derivative of 11*s**3/2 + 27*s**2/2 - 11*s. Let o be l(4). Let d = -83 + o. What is the units digit of d?
6
Let h = 482 - 212. Suppose 0 = 2*b + h - 778. What is the hundreds digit of b?
2
Let t(z) be the first derivative of 2*z**2 + 18*z - 13. Let c be t(-8). Let x = 8 - c. What is the units digit of x?
2
Let s be (6/(-4))/(3/(-8)). Suppose 10*c - 13 = 5*c + 2*v, -16 = -4*c - 4*v. Suppose s*w = -c*u + 294, -6*w + w - 4*u = -368. What is the tens digit of w?
7
Suppose -14*h + 20522 + 393439 = 46769. What is the ten thousands digit of h?
2
Let p = 254 + -142. Let x = 424 + p. Suppose 8*b - 4*b = x. What is the hundreds digit of b?
1
Suppose 6 = -2*t, -2*t = 44*r - 43*r - 6453. What is the hundreds digit of r?
4
Let m(n) = 133*n**2 - 48*n + 146. What is the thousands digit of m(7)?
6
Let x be ((-245)/(-10))/(2/4). Let t = -46 + x. What is the units digit of -8*t/(-6) + 128?
2
Suppose 3*k + 172 = 2*u - 248, 0 = 4*u + 2*k - 824. Let m = 337 - u. What is the units digit of m?
0
Suppose -4*o - 4*l + 5 = -55, -2*o = -2*l - 10. Suppose -3*x - o = 5. Let k = x + 53. What is the units digit of k?
8
Suppose 5*w - 641*n - 73609 = -637*n, 4*w + n - 58862 = 0. What is the tens digit of w?
1
Let j = 76 + -69. Suppose j*a = -4*a + 55. Suppose 4*k + t + 176 = a*k, 2*t - 523 = -3*k. What is the hundreds digit of k?
1
Suppose -25*q + 27*q - 77*q = -1555350. What is the thousands digit of q?
0
Suppose 23*v - 15*v - 3816 = 0. Suppose -w - 435 = -171. Let r = w + v. What is the tens digit of r?
1
Let s = -15805 - -27934. Suppose -12*g - s = -25*g. What is the units digit of g?
3
Suppose 9*n - 510 = 15*n. Let r = n + 523. What is the hundreds digit of r?
4
What is the units digit of 44378 + -1 + (2 - 416)/(-46)?
6
Let k(t) be the third derivative of -t**4/24 + t**3/3 - t**2 - 96. Let x(j) = -4*j - 1. Let o be x(4). What is the units digit of k(o)?
9
Suppose -26 = 7*w - 19. Let f(j) = -90*j**3 - 4*j**2 - 2*j + 2. What is the tens digit of f(w)?
9
What is the tens digit of -3*(-48695)/135 - 6/54?
8
Let v(q) = 13*q + 21. Let w(c) = 7*c + 11. Let f(i) = 6*v(i) - 11*w(i). Let l be f(-6). Let t(n) = -69*n**3 + n**2 - 2. What is the tens digit of t(l)?
6
Let z = -256 - -1151. Suppose 3*x - 5*s = 2402 - z, x - 521 = -3*s. Suppose 3*j + x = 5*t, 3*j = 3*t + 96 - 405. What is the tens digit of t?
0
Let w = 230 - 235. What is the units digit of (16 - -529) + (-45)/w?
4
Let c be 2/10*-2 + (-9128)/(-20). Let o = c - -121. What is the tens digit of o?
7
Suppose 15 = -5*f + 10, -4*u + 4*f + 137908 = 0. What is the ten thousands digit of u?
3
Let g be -7 + ((-48)/(-3) - -8). Suppose -g*s + 18456 = -5*s. What is the hundreds digit of s?
5
Suppose -5*w = -5*f - 0 + 5, -w = 5*f - 17. Let y be 18*(-5 + 6) + f. What is the hundreds digit of 1362*2/y - (-2)/7?
1
Let t(p) = p**3 + 23*p**2 - 8*p + 76. Let r be t(-23). Let g = r + -218. What is the units digit of g?
2
Suppose 3361*p = 3358*p + 16317. What is the thousands digit of p?
5
Suppose -3393*m = -3398*m + 9550. What is the units digit of m?
0
Suppose 50 = 5*i - 2*p, 3*p = -4*i + i + 51. Suppose 0 = 21*z - i*z. Suppose z = 2*o - 4*a + 2*a - 506, -3*a = -9. What is the tens digit of o?
5
Let n = 35540 + -24193. What is the ten thousands digit of n?
1
Suppose 7*l = 3*d + 2511, -136*l = -141*l - d + 1781. What is the hundreds digit of l?
3
Let t(l) = -l - 4. Let d(z) = z + 5. Let n(u) = -3*d(u) - 2*t(u). Let i be n(-9). What is the units digit of (14 - 12)*29/i?
9
What is the tens digit of 2/((-4)/(-41564)*2)?
9
Let q = 17124 - -8470. What is the ten thousands digit of q?
2
Let z(f) = -10*f**3 + 72*f**2 + 52*f + 27. Let d(o) = 7*o**3 - 48*o**2 - 35*o - 18. Let c(l) = -7*d(l) - 5*z(l). What is the units digit of c(25)?
1
Suppose 11 = s + 12. Let n be (s - (-4 + -1)) + 41. What is the tens digit of (n/36)/((-3)/(-180))?
7
Suppose -2*l = -7*l - 2*p + 5754, 0 = -5*p + 10. Suppose 30*v - 25*v - l = 0. What is the units 